-252835)/30. What is the greatest common divisor of t and 294?
98
Suppose -z + t = -1163, -3*z + 4*t + 183 = -3305. Calculate the greatest common factor of z and 12.
12
Let n(q) = -21*q**2 - 70*q - 33. Let v(f) = -11*f**2 - 36*f - 17. Let j(y) = 6*n(y) - 11*v(y). Let w be j(-3). What is the highest common factor of w and 152?
8
Suppose 9 = -0*w + 3*w. Let p be 123 + (3 - w*6/9). Suppose -4*t + 107 = 5*o, 3*t + 2*t - p = -3*o. Calculate the greatest common factor of t and 46.
23
Let u = -219 - -223. Suppose -3*m + u*n = -194, -17*m - 3*n + 217 = -13*m. Calculate the highest common divisor of 203 and m.
29
Suppose 3*c = -5*l + 2*c, l - 5*c = 0. Suppose 6*t + 96 = -l*t. Let d = t + 94. Calculate the highest common factor of 13 and d.
13
Suppose -16 = -3*z + 2*p, 4*z - 7*p - 33 = -2*p. What is the greatest common factor of z and 599?
1
Suppose 0 = -7*d + 2*d + 25. Suppose -d*m + 12 = a, -m - 5*a = -3*a + 3. Let r = m + 12. What is the highest common divisor of r and 30?
15
Suppose -2*o = 5*b - 3461, 19*o + 3426 = 21*o - 2*b. Suppose -8178 = -38*u - o. What is the greatest common divisor of u and 68?
34
Let y(p) = 7*p + 67. Suppose -n - 3*q = 14, 2*q + 2*q = -4*n - 40. Let w be y(n). What is the greatest common factor of w and 264?
11
Let q be 112/12 + (-3)/9. Suppose -1193 = -q*o + 1381. Calculate the highest common divisor of 22 and o.
22
Suppose t = 25*o - 29*o + 796, 0 = -t - 4. Calculate the greatest common factor of 272 and o.
8
Let w be (-3 - 2) + (-735 + -28)*(3 + -4). Calculate the highest common factor of w and 2.
2
Suppose 0 = 2*w + 4*c + 927 + 639, 0 = 4*w - 5*c + 3145. Let a = 940 + w. What is the highest common divisor of a and 62?
31
Let z(t) = t**2 - 12*t - 36. Let o be z(15). Calculate the highest common factor of o and 6813.
9
Suppose r - 945 = -r - 5*c, -15 = 3*c. Suppose -m + 120 = 3*x, -5*x = -5*m + r + 115. Suppose -4 = -3*v + 41. What is the greatest common factor of v and m?
15
Let a(l) = -l**3 + 13*l**2 - 42*l + 12. Let u be -10*28/210 - (-50)/6. Let k be a(u). Calculate the highest common divisor of 444 and k.
12
Suppose -30*o + 192 = -22*o. Let l = -80 - -160. Calculate the greatest common divisor of o and l.
8
Let r(d) = -9*d**2 - 46*d + 281. Let a(c) = 5*c**2 + 23*c - 141. Let p(b) = 11*a(b) + 6*r(b). Let l be p(11). What is the greatest common factor of 159 and l?
3
Suppose 2*f = 5*g - 373, -4*f = 5*g - 5*f - 374. Calculate the highest common factor of g and 675.
75
Let x = 142 - 84. Let i(n) = 2539*n - 20167. Let d be i(8). Calculate the highest common factor of d and x.
29
Let l(n) = -11*n + 76. Let m be l(5). Let o(w) = w + 45. Let z be o(m). Let y(i) = i**2 + 2. Let h be y(-2). Calculate the highest common divisor of z and h.
6
Let n = 15 + 677. Let b = 705 - n. Suppose -5*q + 331 = 2*m, 0*q + q - 77 = -4*m. Calculate the highest common divisor of b and q.
13
Let p(f) = 361*f + 1532. Let r be p(-4). Let l be 15/25 - 764/(-10). Calculate the greatest common divisor of r and l.
11
Let o be (-53)/1 - 0*(-7)/(-56). Let w = 26 - o. Let p = -77 + w. Calculate the greatest common factor of 2 and p.
2
Suppose -8*x = -95*x + 25056. Calculate the greatest common divisor of 2916 and x.
36
Let c(n) = n**3 + 42*n**2 + 69*n - 244. Let q be c(-40). What is the highest common divisor of q and 364?
28
Suppose 0 = -3*q, 8 = f + 4*q + 6. Let v = -71 + 93. Calculate the highest common divisor of v and f.
2
Let d be (-880890)/(-96) - 11/(-22)*1/8. Calculate the greatest common divisor of 444 and d.
148
Suppose -570*t + 44384 = -255*t - 283*t. Calculate the highest common divisor of t and 19.
19
Let j be 1 + 237 - (-2 - -2). Let z be (-1095)/(-39) + (-10)/130. What is the greatest common divisor of j and z?
14
Let r be 4*2/(-24)*-18. Let d be (-6 + 4)/(3/(-15)). Calculate the highest common divisor of r and d.
2
Let a = 6392 - 4392. What is the greatest common factor of 16 and a?
16
Suppose 0 = 3*k + 9, -j + 4*k + 4 = -33. Calculate the greatest common divisor of j and 235.
5
Suppose 0 = 2*t - 1 + 13. Let j be 9/(-15)*(t + -29). Let b be (8/(64/8))/((-1)/(-21)). What is the highest common factor of b and j?
21
Let v be (-7)/((-28)/340) + 1. Let u be v/1 - (8 - 12). Calculate the highest common factor of 36 and u.
18
Suppose 11*k + 25 = 16*k. Suppose -k = -i - 4. Let f = -14 + 23. What is the greatest common factor of f and i?
1
Let a be (-2 + 21/6)/((-2)/(-4)). Suppose 0 = o - 3*o - a*z + 194, 0 = 5*z + 20. Suppose 15 - o = -4*x. Calculate the highest common divisor of 22 and x.
22
Let t(w) = 8*w - 9 - 16 + 3*w - 6*w. Let x be t(21). Calculate the greatest common factor of x and 8.
8
Suppose 3*g = 2*f - 192, 3*f - 4*g = 8*f - 503. Suppose -2*x + 108 - 42 = -3*l, 3*x - f = -5*l. What is the highest common divisor of x and 429?
33
Suppose -2*w = 2*c - 7*c + 1448, -3*c + 848 = 4*w. Let d be (0 + c/(-14))/(50/(-350)). Calculate the highest common factor of d and 18.
18
Let d(o) = -o**3 + 8*o**2 + 34*o - 6. Let g be d(9). Suppose -2*z + 5*m = -g, 2*z - 36*m = -39*m + 227. Calculate the highest common factor of z and 208.
16
Suppose -3*z + 327 = -u - 333, 2*u = -5*z + 1078. Calculate the highest common factor of 124 and z.
2
Suppose -177*s + 32*s = -1459 - 2456. Let h be 3 + -3 + 4 - -212. What is the greatest common factor of h and s?
27
Suppose 3*j + 6 = 0, -17*k - 31 = -20*k - 4*j. Calculate the highest common factor of 2535 and k.
13
Let v be ((-560)/980 + (-2)/(-28))/((-2)/1092). Calculate the greatest common divisor of v and 10101.
273
Let f be 42/((-18)/(-6)) + 6. Calculate the highest common divisor of f and 652.
4
Let q be 364 - (5 - 10 - -10). Let v = -307 + q. What is the highest common factor of 4 and v?
4
Suppose -391*g = -385*g - 15624. Calculate the greatest common factor of g and 2387.
217
Suppose -3*s = -3*g - 24, -6*g = -3*s - 9*g. Let f be (1 + 33/(-5))*(-39 + s). What is the greatest common factor of 112 and f?
28
Let g = 1933 + -1006. Let c be (-400)/75*g/(-6). Calculate the greatest common factor of c and 8.
8
Suppose -5*b + j = -16933, 6*b = 11*b - 4*j - 16912. Calculate the greatest common factor of 28 and b.
28
Let l = 93 - 64. Let r = -27 + l. Let n be (40/(-16))/(r/(-4)). Calculate the highest common factor of n and 25.
5
Let i be (4/10)/1 + (-2112)/(-120). What is the highest common divisor of 558 and i?
18
Suppose 3*p + 3*d - 1026 = 6*p, 20 = 5*d. Let l = p - -346. What is the highest common factor of l and 16?
8
Let s = -13640 + 13656. Let q be ((-18)/8)/(3/(-16)). What is the highest common factor of s and q?
4
Let n(w) = w**2 + 7. Let q(b) = 4*b**3 - 3*b**2 + 2*b + 5. Let l be q(3). Let f = l + -86. Let y be n(f). What is the highest common factor of 387 and y?
43
Let p be ((-2)/(-6))/(142/152082). Calculate the greatest common divisor of 12 and p.
3
Let a = 4391 - 1219. Calculate the highest common factor of 183 and a.
61
Let m be 243/4 + 1 - 10/(-40). Let d be (-2 - m/(-2))*14. What is the highest common factor of 14 and d?
14
Suppose -111*n + 1692 = -528. Calculate the greatest common factor of 1790 and n.
10
Suppose -5*n + 925 = 5*l, 4*n - 82 = l - 277. Let b = 258 - l. Calculate the greatest common divisor of 568 and b.
71
Suppose -33*m = -37*m + 3*y + 18141, -2*y - 18146 = -4*m. Calculate the greatest common divisor of m and 102.
51
Suppose 0 = 7*g - 0*g. Let r(o) = -o**3 - o + 132. Let q be r(g). Calculate the highest common divisor of 11 and q.
11
Let q = -11 + 3. Let w = -5 - q. Let r(o) = -2*o**3 + 2*o**2 + 15*o - 6. Let p be r(-3). Calculate the highest common divisor of w and p.
3
Suppose 0 = 42*x - 81*x. Suppose -988*o + 985*o + 147 = x. What is the highest common divisor of 140 and o?
7
Suppose -4*q = -q - 2*v - 91, -q = 7*v - 61. Calculate the highest common factor of 192 and q.
3
Let n = -58 - 158. Let c = 221 + n. Calculate the highest common divisor of c and 20.
5
Suppose -66 = 10*c - 86. Suppose 0 = -c*i + 4*x + 32, 4*x - 24 - 14 = -3*i. Calculate the greatest common divisor of i and 21.
7
Suppose -f + 7*f = 17*f - 1518. What is the greatest common factor of f and 17526?
138
Suppose 5*b + 8 = -2*w, 5*w - 5*b - 46 = -b. Let j be -1 - 56 - (-9 + w). Let x = -45 - j. Calculate the highest common factor of 9 and x.
9
Let m(c) = 87*c**2 + 103*c + 194. Let y be m(-2). Calculate the greatest co